pose -357 = -10*p + r*p. What is the tens digit of p?
5
Let n(r) be the first derivative of 2*r**3/3 + 2*r**2 - 14*r + 1. Suppose -7*h - k - 73 = 0, 4*h - 22*k = -18*k - 28. What is the hundreds digit of n(h)?
1
Let v(j) = 69*j + 47. Let l be v(3). Suppose l*m + 1824 = 260*m. What is the tens digit of m?
0
Let y(c) = -c + 9. Suppose 3*n - 13 = 14. Let q be y(n). Suppose -9*g - 5*g + 1764 = q. What is the tens digit of g?
2
Let z(d) = -16*d + 40. Suppose -429*p + 433*p = -44. What is the units digit of z(p)?
6
Let h(g) = 2477*g - 8420. What is the thousands digit of h(21)?
3
Let u be (-5)/(30/(-4))*12. Let w be (9 - u)/(1/8). Suppose -w*b - 64 = -9*b. What is the tens digit of b?
6
Suppose -842*y - 2737 - 903 = -322*y. Let b(s) be the first derivative of -11*s**2/2 - 9*s + 1. What is the units digit of b(y)?
8
Let p = -590 - -1728. What is the hundreds digit of p?
1
Let g be 11*711/(-27)*-3. Let t = g - 60. What is the tens digit of t?
0
Let t(r) = -4772*r + 1335. What is the hundreds digit of t(-3)?
6
Let m be -2*(-214)/((-6)/(-3) - 1). Let o = m - 151. Suppose -6*k + o = -551. What is the hundreds digit of k?
1
Suppose 17*h - 72158 = 17845 - 7247. What is the units digit of h?
8
What is the tens digit of (-4)/6 + (-528632)/(-102)?
8
Let x = 97 + -90. What is the units digit of ((-2)/x)/(3/(-42)) - -22?
6
Let x = 488 + -211. Suppose -4*s + x = 129. What is the tens digit of s?
3
Suppose -4*o - 2079 = -7*o. Suppose -4*j = 3*k - 1834 - o, -3*k = -3. What is the units digit of j?
1
Let r = -10892 + 19918. What is the units digit of r?
6
Let h be (-6 - 67) + 1/(-1). Let z = h - -91. Suppose -2*v + 61 = z. What is the units digit of v?
2
Suppose -2464 = -6*w + 3938. Let b = w - 500. What is the units digit of b?
7
Let w(g) = 7*g**3 + 151*g**2 - 7*g + 32. What is the tens digit of w(-18)?
5
Suppose -6*w - i + 205137 = -37185, -4*i + 161568 = 4*w. What is the hundreds digit of w?
3
Let l(t) = -t**3 + 2*t**2 + 8*t. Let c be l(-2). Suppose -6 = 3*z, a - 678 = -c*a - z. What is the units digit of a?
0
Suppose 24 = 11*y - 5*y. Let d be (y/4)/(1/(-2 + 168)). Let m = d + 13. What is the units digit of m?
9
What is the hundreds digit of 32244 + 8/10*(-50)/20?
2
Let l be (4/2*-1)/((-32)/(-384)). What is the units digit of 1*6/(-2) + l/(-1)?
1
Let j be ((-2)/(-5))/(2*(-3)/(-30)). Suppose -2*r = -3*t - 549, 0*t - 4*t + 570 = j*r. What is the units digit of r?
9
Let p = -217 - -221. What is the units digit of 33 + -1 - (2 + (p - 2))?
8
Let k be 614/(-10) - (-8)/20. Let q = k + 63. Suppose q*h + 22 = 152. What is the units digit of h?
5
Suppose -26*c = -31*c + 5*l + 28640, -c + 5720 = l. What is the tens digit of c?
2
Let t = 576 - 301. Let o = 412 - t. Let v = o + -76. What is the units digit of v?
1
Let v(r) be the third derivative of -737*r**4/24 + 4*r**3/3 - r**2 - 2. What is the units digit of v(-1)?
5
Suppose 2*f = -3*y + 32927, -104*f + 102*f + 32922 = -2*y. What is the tens digit of f?
6
Let m = 21 - 5. Let r = 714 - 728. Let a = m + r. What is the units digit of a?
2
Let y(d) = d**2 - 23*d - 42. Let u be y(25). What is the units digit of 27/72 - (-573)/u?
2
Let t(v) = 28*v + 443. Suppose 0 = -55*y + 38*y + 204. What is the tens digit of t(y)?
7
Let a(l) = 1195*l**2 - 112*l - 567. What is the hundreds digit of a(-6)?
1
Let t = 291 + -288. Suppose -t*v + 2*v - 4*f + 692 = 0, 2*f = 2*v - 1374. What is the hundreds digit of v?
6
Let k = -632 + 7394. What is the tens digit of k?
6
Let s(f) = 3168*f + 536. What is the units digit of s(5)?
6
Suppose 15*x - 579 - 1011 = 0. Let t = x + 27. What is the units digit of t?
3
Let a(v) = 85*v**2 - 147*v - 1058. What is the units digit of a(-7)?
6
Suppose -11*o - 2*o = -4*o - 116883. What is the hundreds digit of o?
9
Suppose 30*f - 48 = 27*f. Let g(j) = -j**3 + 20*j**2 - 15*j - 51. What is the units digit of g(f)?
3
What is the thousands digit of (-12)/36 - (-58800)/9?
6
Suppose 51*d - 334454 = -14735. What is the tens digit of d?
6
What is the thousands digit of (2/6)/((-24)/(-357624))?
4
Let k = 7219 - -247. What is the units digit of k?
6
Let d be (72/(-42))/((3 + -1)/(-448)). Let c = d - -180. What is the units digit of c?
4
Let x = 46 - 43. Suppose x*d + 13 = 7*d - 3*o, 15 = 4*d - o. Suppose -3*g = h - 0*h - 109, 4*g = d. What is the tens digit of h?
0
Suppose 58*c - 55*c = -2*m + 38, -38 = -2*m - c. What is the tens digit of (5/4)/(m/13528)?
9
Let b(a) = -4*a**3 - 5*a**2 - 7*a + 28. Let r be b(5). What is the hundreds digit of (r/(-6))/(-6 + 364/60)?
5
Let o(m) = 42*m**2 + 42*m - 6. What is the hundreds digit of o(-6)?
2
Let t(o) = -25*o - 159. Let y be t(-9). What is the units digit of ((-69)/(-9) + -4)*y?
2
Suppose -30 + 18 = -3*b. Suppose 3*t + 3*i + 2 = 8*i, b*i - 28 = -2*t. What is the units digit of (-8)/60*t*210/(-4)?
2
Let p(i) = i**2 + i - 26. Let x be p(-8). What is the tens digit of (x/(-35))/(3/(-42))?
1
Let c(s) = s**3 + 6*s**2 - s + 2. Suppose 0*w - w = 6. Let j be c(w). Suppose j - 52 = -v. What is the units digit of v?
4
Let a be (-554598)/(-114) - (-4)/38. Suppose -7575 = -10*c + a. What is the tens digit of c?
4
Suppose 2*q + 131 = -3*j, -q - j - 67 = 2*j. Let t = 75 + q. Let h = 61 - t. What is the units digit of h?
0
Let a(s) = -125*s - 5. Let m(h) = 126*h + 6. Let n(y) = 4*a(y) + 5*m(y). Let z(t) = 43*t + 3. Let g(p) = 2*n(p) - 7*z(p). What is the tens digit of g(-1)?
4
Suppose 0 = -20*z + 206503 - 17363. What is the hundreds digit of z?
4
Suppose f = -23*o + 18*o + 6755, -o - f + 1351 = 0. What is the thousands digit of o?
1
Suppose b + 2*b + 450 = 0. Let c = 184 + b. What is the tens digit of c?
3
Let p(s) = s**2 + 42*s + 706. What is the tens digit of p(55)?
4
Let x = -598 + 1087. Let c = x + -127. What is the units digit of c?
2
Suppose 3 = 3*f + 3*m - 6, -m = -4. Let l(r) = -2*r - 35*r**3 + 0*r - r**2 + 26*r**3. What is the tens digit of l(f)?
1
Let k(g) = -949*g - 2144. What is the hundreds digit of k(-6)?
5
What is the thousands digit of 3 - -23773 - 81/(-9)?
3
Suppose 3*t - 4 = 2. Suppose -5*a - 2 = -2*o - 1, -6 = 2*o + t*a. What is the units digit of 3/12*-38*o?
9
Let h(a) = a**3 - 5*a**2 + 2*a - 5. Let c be h(5). Let k = 11660 - 11655. Suppose v + 687 = c*w + 4*v, -k*v + 155 = w. What is the tens digit of w?
3
Suppose 0 = -2*x + a + 1969, -4*a = -5*x + 2*x + 2951. Let v = 1727 - x. What is the hundreds digit of v?
7
Suppose x - 6 = 4*q, -5*q + 15 = -7*x + 2*x. What is the tens digit of (5 - x/4)*110?
1
Let a(k) = 18*k**2 - 147*k - 1761. What is the thousands digit of a(-45)?
1
Let o(h) = -5*h**3 + 7*h**2 + 4*h - 25. Let u(r) = 21*r**3 - 28*r**2 - 17*r + 100. Let l(i) = -9*o(i) - 2*u(i). What is the units digit of l(4)?
7
Let c be (27168/(-64))/((-3)/(-4)). Let u = 1148 + c. What is the hundreds digit of u?
5
Let v(u) = 6*u**3 - 23*u**2 + 429*u + 31. What is the ten thousands digit of v(22)?
6
Suppose -6*m + 840 = -12*m. What is the thousands digit of ((-4860)/42)/(-2 + (-265)/m)?
1
Let q be 144/84*7/2. Suppose -290 = -4*d - q*d. Suppose d = 3*r - 313. What is the hundreds digit of r?
1
Let s(u) = -10*u**3 + 12*u**2 + 2*u - 9. Let p be s(-9). Suppose -4*z = -3*z - p. What is the hundreds digit of 4/(-14) - z/(-35)?
2
Let q(x) = 6*x**2 - 21*x + 15. Let j be q(19). Let o = j - 509. What is the thousands digit of o?
1
Suppose 108*j + 4*p + 14037 = 111*j, 14019 = 3*j - 7*p. What is the tens digit of j?
8
Suppose -234*z + 295*z = 359046. What is the hundreds digit of z?
8
Let j be (-1 + 1)/(29/((-406)/(-28))). Suppose -2*b - 5*s = -380, -3*b - 4*s + 570 = -0*s. Suppose -4*k - 2*c = -b, c - 1 = -j*c. What is the tens digit of k?
4
Suppose 15*v = -372 + 57. Let x(j) = -25 - 14*j + 13*j**3 - 14*j**3 - 11*j - 22*j**2 - 4*j. What is the units digit of x(v)?
3
Let t(r) = -r**2 + 2*r + 67. Let n be t(-7). Suppose -d + 456 = n*z, -5*d = -4*z + 308 + 124. What is the hundreds digit of z?
1
Let l(h) = 37*h - 16. Let b be l(4). Let c = -54 + b. Suppose -277 = -5*u + c. What is the tens digit of u?
7
What is the tens digit of (-341892)/(-54) - (-8)/(-6)?
3
Let a(q) = -8*q + 56. Let j be 26*8/36 - (-6)/27. Let s be a(j). Suppose 4*g = -s, 0*d = 4*d + 2*g - 768. What is the tens digit of d?
9
Let c = 4 - -11. Suppose -3*l + 9 - c = 0. What is the units digit of -55*l/8*(-8)/(-5)?
2
Let x be (-2)/